h - d - 86 = 0, m*h + 167 = -0*h + 3*d. Let c = h + 90. What is the remainder when 32 is divided by c?
2
Let d(c) = 3*c**2 - 185*c - 826. Suppose -311 = -4*q - 5*k, 5*q - 306 - 89 = -5*k. Calculate the remainder when q is divided by d(66).
20
Suppose 4*g + 6 = 98. Let k = 4832 + -4702. What is the remainder when k is divided by g?
15
Let v(d) = -2*d - 32. Suppose 168 = -3*b + 11*b. Suppose 2*x - 3*x = b. What is the remainder when 49 is divided by v(x)?
9
What is the remainder when 418 is divided by (4 + -8)/(-44) - (-14944)/176?
78
Let a = -219 - -288. Suppose 1660 = -59*p + a*p. Calculate the remainder when p is divided by 48.
22
Suppose -12*u = 7*u - 95. Suppose -b = 4*k - 5*k - 73, 0 = -5*k - u*b - 375. What is the remainder when 4 is divided by (-2)/(52/k) + 6/39?
1
What is the remainder when 9/(-15) - 5490012/(-995) is divided by 92?
89
Calculate the remainder when 1306/14 + (-174)/609 is divided by 54.
39
Let j = 2907 + -2895. Calculate the remainder when 1775 is divided by j.
11
Let i be (-2 - (-1 - 6))*20/100. Calculate the remainder when (-256)/(-256)*(235 + 0/i) is divided by 24.
19
Suppose -3*z + 6 = 3*w, -4*z - 3*w = -15 + 5. Suppose -4*q + 8*v = 5*v - 191, 49 = q - 2*v. What is the remainder when q is divided by (5 - z)/(2/(-4)) - -10?
7
Let i(j) = -j + 11. Let v = 38 - 40. Let m(z) = -8*z**3 - 3*z**2 - 3*z + 1. What is the remainder when m(v) is divided by i(-20)?
28
Let q(s) = 0*s**3 - 12246*s**2 + 5*s**3 - 4*s - 4*s**3 + 12242*s**2 - 2. Suppose -23 + 3 = -4*k. Calculate the remainder when 7 is divided by q(k).
1
What is the remainder when (6076/35)/(124/775) is divided by 64?
61
Let q be 5/(-15)*-9*55. Suppose 60 = 5*s - 5*v - 125, -5*v = 5*s - q. Suppose 7*p = 168 - s. What is the remainder when p is divided by 7?
5
Let a = -2498 + 2577. Calculate the remainder when a is divided by 6.
1
Suppose 28*c + 37*c = 5*c + 18540. Calculate the remainder when c is divided by 10.
9
Suppose q - 72 = -7*o + 2*o, -54 = -4*o + q. Let j be (5 - 14)*(-2)/9. Suppose -j + o = b. What is the remainder when 34 is divided by b?
10
What is the remainder when 11715 is divided by 3 + -5 + (-68)/(-32) - (-5205)/24?
214
Let q = 271 + -88. Let u = 348 - q. Calculate the remainder when u is divided by 14.
11
Suppose -3*z = 4*d - 2262, 4*z - 2597 = -3*d + 433. What is the remainder when z is divided by 45?
42
Suppose -4*b - 5*d = -599, 2*b + b - 2*d = 432. Calculate the remainder when b is divided by (4/(-6))/(-1)*(-1620)/(-24).
11
Suppose 5*u = u - 68. Let c = u + 32. Suppose 4*n + 11 = -1, 2*w = 5*n + 67. Calculate the remainder when w is divided by c.
11
Let b(j) = -j**3 - 28*j**2 - 2*j - 45. Suppose -5*y - 3*h = -h + 150, -2*y - 4*h - 76 = 0. Calculate the remainder when 30 is divided by b(y).
8
Let o be 6/10*50/10. Suppose j = 3*m + 93, -o*m + 148 = -4*j + 475. What is the remainder when j is divided by 10?
8
Suppose -6*y + 2*y = -64. Suppose -15*p + 2 = -y*p. What is the remainder when (p - -4) + -2 - -88 is divided by 15?
13
Suppose -6*j = -j - 1800 - 3770. What is the remainder when j is divided by 188?
174
Let a = -872 - 154. Let t = a + 1089. Calculate the remainder when 155 is divided by t.
29
Let h = 155 + -144. Suppose 0 = -h*k + 567 - 149. What is the remainder when (-2)/(-4) + (-282)/(-4) is divided by k?
33
Suppose -66*u + 61*u + v + 775 = 0, 0 = 8*u - 5*v - 1257. Calculate the remainder when 302 is divided by u.
148
Let s = 78 + -78. Let f be (s - (-1348)/(-14)) + 4/14. Let t = -85 - f. What is the remainder when 33 is divided by t?
0
Suppose 43 + 242 = 15*f. Suppose 128 = 3*q - f. Suppose z = -5*y + 68, -3*y - 16 = -5*z - 40. What is the remainder when q is divided by y?
10
Suppose -5*f - 7 = 2*p, -13*p + 18*p = -4*f + 8. What is the remainder when 506 is divided by p?
2
Calculate the remainder when 344/430 - (-1001)/5 is divided by 176.
25
Let s = -87 - -86. What is the remainder when 76 is divided by (s*1)/((-26)/676)?
24
Let m(h) = 7*h - 33. Let w(j) = 2*j - 2. Let y(c) = -m(c) + 5*w(c). Let g(k) = k + 12. What is the remainder when y(8) is divided by g(0)?
11
Let w(k) = -k**3 + 11*k**2 - 17*k + 12. Let c(l) = l**3 - 9*l**2 + 9*l + 19. Let a be c(8). What is the remainder when (-158)/(9/(a/(-6))) is divided by w(9)?
16
Suppose -2209 = 16*t - 8177. Suppose -5*u + 361 = -2*g + 5*g, 5*u - t = g. Suppose -44 = 5*o - 9*o. Calculate the remainder when u is divided by o.
8
What is the remainder when -8 + (-12 + -2420)/(-8) is divided by 27?
26
Let r(z) = -8*z - 26. Let j be r(-4). Let p(w) = -w**3 + 7*w**2 - 4. Calculate the remainder when p(j) is divided by 17.
15
Let r = -167 - -179. Suppose -r*o = -65 - 67. Calculate the remainder when 64 is divided by o.
9
Suppose 75*b = -25*b + 457500. What is the remainder when b is divided by 8?
7
Suppose 4*z - 1719 = -363. Calculate the remainder when z is divided by (-267)/(-12) + -3 - 7/(19 + 9).
16
Suppose 6*u - q = 10*u - 7711, 3*u - 5782 = -2*q. What is the remainder when ((-2)/2)/((-8)/u) is divided by 64?
49
Let o = 66 - 48. Let t(y) = 5*y - 110. Let j be t(0). What is the remainder when o is divided by (4/(-10))/(11/j)?
2
Calculate the remainder when 5 - (-83 - 7)/1 is divided by 34.
27
Let q(j) = j**2 + 42*j + 649. Calculate the remainder when 1298 is divided by q(-24).
213
Suppose 5*v = 3*r + 1, 2*r + 0*v - 10 = -2*v. Suppose 4*h = -r*b + 51 + 29, -5*h - 89 = -3*b. Calculate the remainder when 110 is divided by b.
26
Let f = -57 + 53. Let w = -29 + 44. Calculate the remainder when (-36)/(f/8*1) is divided by w.
12
Suppose -4*n = -594*x + 593*x - 1408, 2*x = -3*n + 1078. What is the remainder when n is divided by 340?
14
Let x = 1073 - 973. What is the remainder when x is divided by (-21)/2*(-9 + (-215)/(-35))?
10
Let k(v) = -v**2 + 22. Suppose 2*g - 5*c = 19, 3*g = -6*c + 2*c + 40. What is the remainder when g is divided by k(-4)?
0
Let n be -2 + (134 - (-4 + 2 + 3)). Suppose 737 = 3*z + 2*o, -3*z - o + 608 + n = 0. What is the remainder when z is divided by 50?
47
Let r(u) = -2*u - 1. Let n be r(-4). Suppose 5*l + 28 = n*l. Calculate the remainder when l is divided by 7/(-2)*(80/(-140) - (-8)/(-7)).
2
Suppose -3*l - j + 42 = 0, j + 3 = -5*l + 69. What is the remainder when 1858 is divided by l?
10
What is the remainder when 1276 is divided by 170 - (156/(-13) - -22)?
156
Calculate the remainder when 600 is divided by 6/231*2596 - ((-36)/14 - -2).
56
Let t(j) = j**3 + 10*j**2 + 4*j - 36. Let a be t(-7). Suppose 3*r = -a + 221. What is the remainder when r is divided by 11?
2
Let o be (4 + (-130)/39)*(-29 - -2). Let u(m) = -2*m - 2. Let v be u(6). Let h = v - o. What is the remainder when 14 is divided by h?
2
Let o(y) = -y**3 - 82*y**2 + 69*y - 1141. Calculate the remainder when 7894 is divided by o(-83).
19
Let g be (-2)/(-3) - (-340)/102. Suppose g*n = 5*o - 65, -n = -6*n + 25. Let a(r) = r**2 + 5*r. What is the remainder when o is divided by a(-6)?
5
Let t be ((-42)/(-35))/(1/10). Let w = -175 - -184. Calculate the remainder when w is divided by (t/(-10)*-1)/((-3)/(-10)).
1
Let a be 2/(1348/448 + -3). Let g = -95 + a. What is the remainder when g is divided by 26?
25
Let o = 3655 - 3553. What is the remainder when o is divided by 42?
18
Let k = 93 - -115. Suppose -5*t - k = -738. What is the remainder when t is divided by 18?
16
Let c be 189/42 - 6/(-4). Suppose 2*b - c*b + 1129 = 3*y, 2*y = 3*b - 851. What is the remainder when b is divided by 13?
10
Let w = 248 - 245. Suppose -4*q + 14 = n - 6, -w*q = -5*n + 77. Calculate the remainder when 29 is divided by n.
13
Let r be -1 + 9 + (0 - 0). Let c be (60/9)/(r/180). Let p = c + -92. Calculate the remainder when p is divided by 15.
13
Let i(g) = 17*g + 55. Let x be i(-3). Suppose -x*l = -5*r - 19, -3*r + 2 = -3*l + 20. Calculate the remainder when 414 is divided by l.
7
Calculate the remainder when 1598 is divided by -23 + 69 + (-95)/(-5).
38
Suppose -17*b + 1588 + 6442 = 2318. Calculate the remainder when b is divided by 68.
64
Let j be 10*-77*(-7)/7. Calculate the remainder when 120 is divided by ((-3)/(-7))/(10/j).
21
Let x(m) be the second derivative of m**5/20 - m**4/3 - 17*m**3/6 - 15*m**2/2 - 74*m. What is the remainder when 361 is divided by x(7)?
10
Let o be (24/36)/((-2)/3). Let p = o - -6. Suppose -3 = p*l - 88. What is th